 v?
5
Let k(l) = 74*l**2 + 12*l - 1. Let i(h) = -147*h**2 - 27*h + 1. Let z(y) = 6*i(y) + 13*k(y). What is the hundreds digit of z(-2)?
3
Let x(q) be the second derivative of 40*q**3 + 4*q**2 - 129*q. What is the tens digit of x(3)?
2
Let n(l) = -5*l**2 + 12*l + 4*l**2 - 11 - 6. Let u be n(8). Let i = u - -17. What is the units digit of i?
2
Suppose -3*u = 52 + 62. Suppose 2*g + g = -3. Let s = g - u. What is the units digit of s?
7
Let x = 822 + -764. Suppose -x*w + 51*w = -7322. What is the hundreds digit of w?
0
Let s = 241 + -245. What is the tens digit of s/6*25599/(-46)?
7
Suppose 2*d = -v + 11315, 2845 = 2*d + 5*v - 8490. Let l = d + -3992. What is the tens digit of l?
6
Let p(w) = w**2 - 4. Let k be p(-4). Let q be (-12 - -103)*(-12)/(-14). Let n = q + k. What is the tens digit of n?
9
Let b = 820 - 535. Let c = b + -483. Let i = c + 349. What is the units digit of i?
1
Let u(s) = s**3 + 16*s**2 + 46*s + 65. What is the hundreds digit of u(15)?
7
Let u(q) = -9*q + 30. Let n be u(3). Suppose 3*c - 559 = -4*j, 5*c - 6*j + n*j = 922. What is the units digit of c?
5
What is the units digit of (1376652/(-3738))/(-1 + (-40)/(-42))?
4
Let v = -3134 + 6340. What is the tens digit of v?
0
Let o = 9458 + -5226. What is the hundreds digit of o?
2
Let o(r) = -2*r**2 - 6*r - 7. Let m be o(-3). What is the tens digit of (1 - 0)/(m/(-5201))?
4
Let p = 16668 + -7052. What is the tens digit of p?
1
Suppose -1048 = -3*n + 2*m, 3*n + m - 1206 = -155. Suppose -g - 983 = 4*d, -2*d - 4*g = 329 + 159. Let v = n + d. What is the tens digit of v?
0
Let m(c) = 41*c**2 + 18*c + 9. Let b be m(5). Suppose 83*v = 81*v + b. What is the tens digit of v?
6
Let s = 1854 - -3186. Suppose 10 = -2*c, -s = -5*b - 3*c + 4*c. What is the thousands digit of b?
1
Let c(d) = 2*d + 2 - 11*d**2 + 8*d - d**3 + 11*d - 9*d. Let n be c(-12). What is the units digit of ((-22)/33)/(n/(-84))?
8
Let u(b) = -2*b + 13. Let p(o) = 4*o + 27. Let y be p(-6). Let q be u(y). Suppose 4*c + 5*l = 29, 2*c + 4*l + l = q. What is the units digit of c?
1
Let q(s) = -11*s + 22. Suppose 21 - 51 = r. What is the hundreds digit of q(r)?
3
Suppose -5*g - 107 = -102. What is the tens digit of 4/4*(g - -18)?
1
Suppose 46*z + 48407 - 2492295 = 0. What is the ten thousands digit of z?
5
Let c = -193 - -242. Let g be (3/(-6))/((-5)/460). Suppose -c*w + g*w = -144. What is the tens digit of w?
4
Let r = 39298 - 13921. What is the tens digit of r?
7
What is the hundreds digit of (-13)/(156/(-63344)) + ((-16)/3)/(-4)?
2
Let c(f) = f**3 - 18*f**2 - 65*f + 45. Let h be c(21). What is the units digit of -1124*h/(-21 + 9)?
1
Suppose -4*p = -2*i - 19246, 3*p + 2181 - 16612 = i. What is the units digit of p?
8
Let q(w) = 455*w**2 + 822*w + 6. What is the tens digit of q(5)?
9
Suppose 5*t - 5*p = 5010, 0 = t + t + 3*p - 2014. Suppose 2*s = 4*s - 3*x - 1964, -t = -s - 4*x. What is the tens digit of s?
8
Let k(f) = 39*f**2 - 18*f + 103. Let m be 2/(-22) - 8/11*-7. What is the tens digit of k(m)?
8
Suppose 196 - 4596 = 4*p. Let c = 654 + p. Let h = -277 - c. What is the units digit of h?
9
Let s = -489 + 3088. What is the thousands digit of s?
2
Suppose -4*w - 14235 = -3*m, -9*m + 12*w - 17*w + 42756 = 0. What is the units digit of m?
9
Suppose 0 = -4*z - 0*z, 3*o - 60 = -3*z. Suppose -2*j = -5*u + 21 + 8, 5*j + o = 2*u. What is the units digit of ((1720/j)/(-5))/2?
6
Let m(t) = 9*t**2 - 99*t + t**2 - 18 + 181*t - 93*t. What is the units digit of m(9)?
3
Let p = 57172 + -26504. What is the thousands digit of p?
0
Suppose -18*w = 28*w - 3*w - 497725. What is the tens digit of w?
7
Suppose -5*z + t = -337, -363 = -4*z - t - 97. Suppose z*y - 21*y - 51612 = 0. What is the tens digit of y?
2
Let i(v) = v - 1. Let p(h) = 4*h**2 + 5. Let o(l) = -6*i(l) - p(l). Let r be o(-2). What is the hundreds digit of (16/12 - 1)*r + 185?
1
Let p = -33 - -34. Let b(q) = 2*q + 1. Let s be b(p). Let x(n) = n**3 + 2*n**2 - 3*n - 3. What is the tens digit of x(s)?
3
What is the units digit of 2/7 - (-13051136)/392?
4
Let v = -493 + 499. Suppose -3*r + 3*s = -5142, -v*s - 2 = -4*s. What is the tens digit of r?
1
Let d be 0*(-2 - (-2 + 1)). Suppose -2*i - 2724 = -d*v - 4*v, -4*i + 1352 = 2*v. What is the hundreds digit of v?
6
Let w be (44/3)/((-1)/(-78)). Let o = 19796 - 19784. Suppose t - o*t = -w. What is the hundreds digit of t?
1
Suppose -1 + 1 = 10*z. Suppose z*a = 7*a - 2478. What is the units digit of a?
4
Let p be (-1272)/(-2)*12/(-24). Let t = 549 + p. What is the units digit of t?
1
Let l be (7038/(-24))/(-3 - (-42)/16). Suppose -62*x + 64*x - l = 0. What is the units digit of x?
1
Let y(f) = -1037*f - 367. What is the thousands digit of y(-8)?
7
Suppose 2540 = 2*b - 5*k, -k = 4*k. Suppose b = 3*t + p, -3*t + 7*t = 4*p + 1688. Suppose 6*h - t = -3*h. What is the tens digit of h?
4
Let f(h) = h**2 - 5*h**2 + 20 + 19*h - 9*h. Let n be f(13). Let t = -320 - n. What is the hundreds digit of t?
2
Let d be (2/8)/((-6)/(-312)). Suppose -d*o = -8*o - 25. Suppose -t + 58 = 2*y - 6*t, -4*t = -o*y + 145. What is the tens digit of y?
2
Let u(z) = -29*z**3 + 73*z**3 + 20*z**2 + 38*z + 22*z**3. Let w(d) = -44*d**3 - 13*d**2 - 25*d. Let y(m) = 5*u(m) + 8*w(m). What is the hundreds digit of y(-2)?
1
What is the thousands digit of ((-3)/(-5))/(19/399665)?
2
Let m(x) = 5*x**2 + 79*x + 188. Let k(z) = -z**2 - 20*z - 47. Let c(j) = 9*k(j) + 2*m(j). What is the tens digit of c(-13)?
0
Suppose -16*y - 1020208 + 347270 = -158*y. What is the tens digit of y?
3
Let f = 16 - 51. Let z = -36 - f. What is the units digit of ((-18)/8)/(z/4)?
9
Let z be 60/8*52/(-10). Let c(m) = 7*m**2 + 3*m - 2. Let s be c(3). Let x = z + s. What is the tens digit of x?
3
Suppose -13*n + 11001 = -26946. Let s = -1690 + n. What is the hundreds digit of s?
2
Suppose 3*f - 2*m + 9413 = 96591, 87183 = 3*f - 3*m. What is the hundreds digit of f?
0
Suppose 4*c - 5*v + 346 = 0, 277 = -c - 2*c - 5*v. Let d = 392 + c. What is the hundreds digit of d?
3
Let f = 113 + -650. Let v = 1776 + f. What is the thousands digit of v?
1
Let i be 9*(-14)/(-441) - 1587/(-7). Let c = i + 67. What is the tens digit of c?
9
Let n(u) = -54*u**2 - 32*u - 4. Let j be n(-2). What is the thousands digit of 45909/39 + 24/j?
1
Suppose 3*o - 26 = 3*n + 37, 0 = 4*o - n - 99. Let y = 24 - o. Let p = y - -63. What is the tens digit of p?
6
Suppose -1969167 + 683363 = -196*d + 38*d. What is the thousands digit of d?
8
Let d(q) = 2*q**2 + 22*q - 4. Let u be d(-9). Let m = 198 - u. What is the tens digit of ((-7)/2)/(-3 + m/80)?
4
Let x(y) = 247*y - 4. Let w(k) = k. Let m(p) = 2*w(p) - x(p). What is the hundreds digit of m(-1)?
2
Suppose 0 = 3*b + 3*z - 6, 2*b + 8 = -5*z. Let w be (4/b)/(12/(-36)). What is the units digit of 12*((-116)/(-16) + w)?
3
Let x(j) = 464*j**2 + j - 3. Let c be x(-2). Suppose -2*q = -6, 10*f - 5*f = 3*q + c. What is the tens digit of f/3 + 3 + -3?
2
Let z be 1/(-1) + -51 + 4. Let u be (-94)/(-30) - z/(-360). Suppose -4*i = 4*p - 188, 0 = p + u*i + 11 - 52. What is the tens digit of p?
5
Let j(p) = -p**3 + 11*p**2 + 8*p - 19. Let z be j(12). Let y = z - -131. What is the units digit of y?
4
Let k be -4 - (-1)/(-1) - -1. Let b be (10/k - -1)*-78. Let c = b + -49. What is the units digit of c?
8
Let k(i) = i**2 - 16*i + 45. Let d be k(7). What is the units digit of -842*(4 - d/(-4))?
1
Suppose -40 = -12*y + 4*y. Suppose 0 = -h + s + 42, y*h - 75 = -4*s + 99. Let g = -28 + h. What is the tens digit of g?
1
What is the thousands digit of 25191*(2/9 + (-378)/(-486))?
5
Let d(g) be the second derivative of 119*g**5/2 - g**4/12 + 5*g**3/6 - 5*g**2/2 + 197*g. What is the tens digit of d(1)?
8
Suppose 6 = 3*u - 3*j, 2*u + 5*j - 30 = -u. Suppose d = k - 342, u*k = -2*d - 3*d + 1680. What is the hundreds digit of k?
3
Let y(z) = 9*z**2 - 193*z + 3918. What is the thousands digit of y(61)?
5
What is the units digit of ((-198)/(-4))/(18 + (-3010)/168)?
4
Let k(b) = 14*b**2 + 4*b - 7. Let r(j) = j**3 + 6*j**2 + 7*j + 7. Let z be r(-6). Let n = z + 38. What is the units digit of k(n)?
1
Let b(x) = 39*x - 76. Let h be b(15). Suppose 3*g - h = -2*f, -165 = 4*f - 5*g - 1172. What is the hundreds digit of f?
2
Suppose 2*y = -6*y - 672. Let o be (-30)/(-4)*(-56)/y. Suppose -5*n = o, -3*g - 5*n = -n - 104. What 